- 2291 = 5*m, -j - 3*j = 2*m - 9120. Is j prime?
True
Suppose -z = z - 92. Is z a prime number?
False
Let b = -22 + 32. Suppose 2*c - b - 256 = 0. Is c a composite number?
True
Suppose 35 = 2*s + h - 7, -3*h + 12 = 0. Let t = s - 1. Suppose 2*w = t - 0. Is w composite?
True
Let i(u) = u**2 - 13*u + 11. Let g be i(-10). Suppose 414 = 5*m - g. Is m prime?
True
Let r = -23 + -25. Suppose j = 5*c + 5*j - 5, 4*c - 4 = 2*j. Is 1*(c - r - 3) a prime number?
False
Let j(a) = -7 - 2*a + 9*a**2 + 5 - 3. Is j(4) composite?
False
Let b = -1611 + 2629. Is b a composite number?
True
Let y be 1/(-3 - (-26)/8). Suppose 3*g - 35 + y = -5*w, 2*w = -5*g + 58. Is (2 - 9/g)*20 a composite number?
True
Let f be 2/(-3) - 1655/(-3). Suppose z = 1, -3*p - 2*p = -4*z - f. Let q = p - 62. Is q composite?
True
Is ((-4468)/6)/(18/(-27)) a composite number?
False
Suppose 2*g - 4*l - 286 = 0, -3*l + 133 = g - 0*l. Is g composite?
False
Let f = -73 + 127. Let j = 131 - f. Is 2/4 + j/2 prime?
False
Suppose -3*u - 5*x = u - 56, 3*x - 42 = -3*u. Let y = u - 9. Suppose 6*p - 3*p - 2*k = 165, 5*p = y*k + 280. Is p a prime number?
True
Suppose -5*a + 36 = -359. Is a a composite number?
False
Let q(t) be the second derivative of -2*t - 1/2*t**2 + 0*t**3 + t**4 + 0. Is q(-2) a composite number?
False
Let t = -4 - -7. Suppose -4 = j, t*k + 0*k - 3*j = -15. Let g(h) = -h**3 - 7*h**2 + 12*h - 1. Is g(k) prime?
True
Suppose 3*u + j = -j + 885, 3*j = 5*u - 1456. Suppose -2*b = -5*x - 129, -4*b + 5*x = 2*x - u. Is b prime?
False
Let l(f) = f**2 + 5*f - 5. Let q be l(5). Suppose -j + 7 = 2*y + y, -4*y - 8 = -3*j. Suppose j*x = x + q. Is x prime?
False
Let n = -213 + 407. Let h = 399 - n. Is h composite?
True
Let q = 175 - -135. Let o = q - 107. Is o prime?
False
Let m(j) = j**2 - j + 2. Let d be m(2). Suppose -2 + 5 = a + 4*p, 3*a = p - d. Is 67/(a/2*-2) a composite number?
False
Let l = 188 - 40. Let z = 227 - l. Is z a prime number?
True
Suppose -h + 3*h = 16. Suppose -h = z + z. Is (-138)/z - (-2)/4 prime?
False
Suppose p = 2*g + 65, -5*g + 4*g + 5*p - 19 = 0. Let w = 40 - g. Is w a composite number?
True
Let a(j) = 2*j**2 - 5. Suppose 3*h - 4*y - 23 = 11, -y - 4 = 0. Is a(h) a composite number?
False
Let k be 7/(7/122) - 2. Let m be (1/2)/((-1)/(-2)). Is 0 - (2 - k - m) a composite number?
True
Suppose 0 = -4*c + 537 + 671. Is c prime?
False
Suppose -4 = 3*i + 2*k, -4*i - 7 = 2*k + k. Suppose 8 = 2*o - 2*p, 2*o = 3*o - i*p - 5. Is (o + -2 + -210)/(-1) a prime number?
False
Suppose -3*k + 4*k = 469. Is k prime?
False
Let b be 1*(3 + 3 + -2). Suppose -210 - 162 = -b*k. Is k composite?
True
Suppose m - 1076 = -3*m. Is m composite?
False
Let d = -62 - -141. Is d prime?
True
Let d(j) = j - 2. Let x be d(4). Suppose x = -c - 8. Let r(k) = -k**2 - 18*k + 5. Is r(c) composite?
True
Suppose -17*w + 822 = -3411. Is w a prime number?
False
Let o be 2/5 + 44/(-10). Is (-10)/(-3)*(-354)/o a composite number?
True
Is 3 - 5*(-2 - 8) a composite number?
False
Let g be 3*1/3*4. Suppose g*k = -0*k + 28. Is k prime?
True
Let t be 4/12 + 884/12. Suppose -j + 3*j - t = 0. Is j prime?
True
Suppose -5*o + 1755 + 340 = 0. Is o a composite number?
False
Let w = 46 - -41. Is w prime?
False
Let j(q) = 69*q**2 + 6*q + 2. Is j(5) a composite number?
True
Let y = -7 + 10. Suppose -u - 6 - 12 = 2*s, -5*s = -5*u + 60. Let k = y - s. Is k a prime number?
True
Suppose -2*f = -5*l + 7, 3*f + 3 = l + f. Let k be 103*-2*l - -1. Let o = 350 + k. Is o composite?
True
Suppose 4 + 0 = 4*o - 4*j, 5*o - 2*j - 20 = 0. Let f(s) = s**2 - 5*s + 8. Is f(o) composite?
True
Let h = 25 - 11. Suppose -2*r + 0*r + h = 0. Is r a composite number?
False
Let z be (2 - 4)*-1 - 0. Suppose 0 = j - z*j + 419. Is j a composite number?
False
Let l(o) = -o**2 - 4*o + 6. Let d be l(5). Let r be -2 - 1*(2 + d). Let c = -9 + r. Is c a composite number?
True
Let t = -77 - -139. Is t composite?
True
Let f be 1 + (-1 - -1)/1. Let x = f + 1. Suppose x*c - 12 = 8. Is c a composite number?
True
Let y = 9 - -124. Is y prime?
False
Suppose 0 = -0*g - 4*g - 32. Let w(q) = 16*q - 1. Let l be w(1). Let v = l + g. Is v a prime number?
True
Suppose -2*f = -f - 222. Let k(o) = -3*o**2 - 2*o + 2. Let m be k(-7). Let p = m + f. Is p a composite number?
True
Let r(k) = k**3 - 3*k**2 + 2*k - 3. Let t be r(3). Let c = t - -2. Is ((-116)/10)/((-1)/c) composite?
True
Suppose -2*w - 15 = 41. Let u = -75 - -28. Let v = w - u. Is v a composite number?
False
Let m(b) = -35*b**3 + 0*b**2 - 128*b**3 - b**2 + 1. Is m(-1) a composite number?
False
Let r = -70 + 123. Suppose 0*y = 5*y - 530. Let o = y + r. Is o composite?
True
Suppose -s - i - 8 = 0, 0*i = 2*s - 5*i + 23. Let y(f) = f**2 - 10 - 17 + 23. Is y(s) a prime number?
False
Suppose -5*q + 4*p + 1283 = 0, 283 = q - p + 27. Is q composite?
True
Let t = -174 + -20. Let m = -81 - t. Is m composite?
False
Let j(w) = w**3 + 11*w**2 + 3*w + 10. Is j(-7) composite?
True
Suppose 0 = 3*h + 2 + 7. Is 2/h - (-2247)/9 a composite number?
True
Suppose 4*y - 9*y + 10 = 0. Suppose -2*p - y*p - 24 = 0. Let c = p + 43. Is c a composite number?
False
Suppose 39*y - 38*y = 2053. Is y a prime number?
True
Is 2 + (3 - 2) - -48 a prime number?
False
Suppose d - 20 = -5*i, 3*d - 11 = -d + 3*i. Suppose 2*p = -a + 5*a - 1008, -d*a - 3*p = -1249. Is a prime?
True
Let j(q) = 24*q + 10. Is j(12) a composite number?
True
Let w = 664 + -413. Is w a prime number?
True
Let u(x) = 9*x - 8. Is u(7) prime?
False
Suppose 3*o = 6*o - 6. Is (-2)/(-2*o/70) a prime number?
False
Let y(p) = 40*p - 4. Let h be y(4). Suppose 0 = q + 4, -2*w + 2*q + h = 2*w. Is w composite?
False
Let o be -1 + (-6)/(-9)*15. Let z = -9 + o. Suppose -3*v = -2*v - 2, 3*k - 2*v - 431 = z. Is k prime?
False
Let i be -1*(1 - 2)*65. Suppose 97 = 5*k - 113. Let m = i - k. Is m prime?
True
Let y = 4 + -4. Suppose 30 = 3*i + 4*h + 6, y = -i - 5*h + 19. Suppose 0 = -m + i*m - 237. Is m composite?
False
Suppose -7*o + 55 = -2*o. Is o a prime number?
True
Let c(p) = 11*p + 1. Let j be c(1). Suppose -8 - j = -5*r. Suppose -r*y = -y - 33. Is y a composite number?
False
Let n(j) = 16*j**2 + 3*j + 17. Is n(18) a prime number?
False
Suppose 1 + 8 = j. Suppose -6*r + 4 = -2. Is 7*(j + 1 + r) a composite number?
True
Is (-7672)/20*(-5)/2 a composite number?
True
Let b = -185 - -826. Is b a composite number?
False
Let z(d) = -2*d**3 - 5*d**2 + 4*d + 3. Suppose c = 4*c + 3. Let t(y) = -y**3 - y**2 + 1. Let w(m) = c*z(m) + t(m). Is w(5) a prime number?
False
Let n(t) = 4*t - 7 - 4*t - 2*t + 3*t. Let s be n(-8). Is ((-18)/s)/((-4)/(-10)) a composite number?
False
Let q = 2 - 7. Let d(f) = -f**3 - 4*f**2 + f - 3. Let z be d(q). Suppose -2*m + 23 + z = 2*i, -5*i + 5 = 0. Is m a composite number?
False
Let t = 151 - 62. Is t a prime number?
True
Is (11 - 8 - 451/(-2))*10 a composite number?
True
Let b(i) be the second derivative of i**4/6 - 3*i**3/2 + 5*i**2/2 + i. Let a(z) = -z**2 + 15*z - 44. Let g be a(10). Is b(g) a prime number?
True
Let k = 2292 - 1231. Is k composite?
False
Let h(r) = r - 3. Let z be h(-3). Is (381/z)/(5/(-10)) prime?
True
Is ((-42)/10 - -3)*35/(-2) composite?
True
Let y = -9 + 6. Is (-98)/y + 6/18 a composite number?
True
Suppose -3 = -3*n - g - 11, 2*n + 10 = 4*g. Is ((-14)/4)/(n/30) composite?
True
Let p = 781 - 294. Is p a prime number?
True
Suppose 0 = -0*k + 4*k - 2116. Suppose 2*m - k = 205. Is m a composite number?
False
Let x(z) = z**2 + 4*z - 14. Let t be x(-10). Let y = 142 - 47. Suppose k - y = -4*f - 17, -2*f - 4*k + t = 0. Is f a composite number?
False
Suppose -4*y + 2*y = 4*i - 1362, 5*y - 2*i = 3357. Is y a prime number?
True
Let b(f) = -f**3 + 5*f**2 + 2*f - 5. Is b(-5) prime?
False
Let y(b) = 8*b + 11*b**3 - 9 + 11*b**2 + 11*b**3 + 3*b**3 - 24*b**3. Suppose 2*c - 16 = 2*l, 3*l = -5*c - 0*c - 40. Is y(l) prime?
True
Suppose y = -4*y + 50. Let x(q) = 17*q + 7. Is x(y) a prime number?
False
Suppose f + 2246 = 5*z, 3*z + 0*z = -4*f + 1343. Is z a prime number?
True
Let r = 621 + 1736. Is r composite?
False
Suppose 152 = -k + 3*k. Let m = -12 - -165. Let d = m - k. Is d prime?
False
Let j be 3 + 0 + (-3 - -2). Is (334/2 - j) + -2 a prime number?
True
Suppose 6*j - j = 1285. Is j prime?
True
Let a = -124 + 1371. Let f = -832 + a. Is f prime?
False
Suppose 6*h + 3*h -